{"id":226,"date":"2016-02-02T23:33:34","date_gmt":"2016-02-03T04:33:34","guid":{"rendered":"http:\/\/nonsolumdata.com\/?page_id=226"},"modified":"2016-02-02T23:33:34","modified_gmt":"2016-02-03T04:33:34","slug":"politique-du-blog","status":"publish","type":"page","link":"http:\/\/nonsolumdata.com\/blog\/fr\/accueil\/politique-du-blog\/","title":{"rendered":"Politique du blog"},"content":{"rendered":"<section id=\"builder-section-1454473380202\" class=\"builder-section builder-section-first builder-section-text builder-section-last builder-text-columns-1\" style=\"\">\n<div class=\"builder-section-content\">\n<div class=\"builder-text-column builder-text-column-1\" id=\"builder-section-1454473380202-column-1\">\n<div class=\"builder-text-content\">\n<h2>Repr\u00e9sentation<\/h2>\n<p>Les opinions et perspectives pr\u00e9sent\u00e9es dans ce blog refl\u00e8tent uniquement celles des auteurs et non celles des institutions auxquelles ils sont affili\u00e9s. Cela signifie, entre autres, que toute citation d&#8217;article doit se r\u00e9f\u00e9rer au nom de l&#8217;auteur et non \u00e0 celui de son institution.<\/p>\n<h2>Politique du blog sur l&#8217;utilisation du contenu<\/h2>\n<p>Ce blog a une politique d&#8217;acc\u00e8s libre, c&#8217;est-\u00e0-dire que bien que tout article et toute photographie conserve son (ses) auteur(s) original(aux), tout membre du public peut r\u00e9utiliser le contenu de ce blog sur d&#8217;autres plateformes &#8211; sauf si pr\u00e9cis\u00e9 autrement par l&#8217;auteur &#8211; \u00e0 condition <strong>de citer la source originale<\/strong>. Nous appr\u00e9cierions beaucoup si vous pouviez nous faire savoir, <a href=\"http:\/\/nonsolumdata.com\/fr\/contactez-nous\/\" target=\"_blank\">par voie de courriel,<\/a> qu&#8217;un de nos articles \/ m\u00e9dia est utilis\u00e9.<\/p>\n<p><em>Bien que nous soyons toujours en train d&#8217;y travailler<\/em>, nous souhaitons rendre toutes les donn\u00e9es pr\u00e9sent\u00e9es dans ce blog disponibles au public, afin que chacun puisse reproduire nos analyses et participer \u00e0 la discussion.<\/p>\n<p>\u00a0<\/p>\n<h2>Commentaires et discussion<\/h2>\n<p><span id=\"result_box\" lang=\"fr\"><span title=\"Data live to spark discussions, debates and action.\">Les donn\u00e9es existent pour susciter discussions, d\u00e9bats et appels \u00e0 l&#8217;action. <\/span><span title=\"Thus, we favor an open blog policy, welcoming readers' comments and discussion. \">C&#8217;est pourquoi nous sommes tout \u00e0 fait en faveur d&#8217;une politique ouverte de blog, accueillant commentaires et discussions de la part des lecteurs.<\/span><\/span><\/p>\n<p><span title=\"Nevertheless, there are some basic rules of Internet etiquette about commenting on blogs to keep the discussion interesting and relevant: \u00a0\u00a0\u00a0\u00a0\">N\u00e9anmoins, il y a quelques r\u00e8gles d&#8217;\u00e9tiquette au sujet de commentaires sur les blogs en place pour maintenir la discussion int\u00e9ressante et pertinente pour tous :<\/span><\/p>\n<ol>\n<li><span id=\"result_box\" lang=\"fr\"><span title=\"Every comment submitted is automatically checked for spam.\">Tout commentaire soumis est automatiquement v\u00e9rifi\u00e9 pour \u00e9viter les pourriels. <\/span><span title=\"If it does not appear automatically on the blog, it may have been marked for review by us (this may happen the first time you post a comment and will not happen again). \u00a0\u00a0\u00a0\u00a0\">Si le commentaire n&#8217;appara\u00eet pas automatiquement sur le blog, il peut avoir \u00e9t\u00e9 marqu\u00e9 pour examen par les administrateurs (cela peut se produire la premi\u00e8re fois que vous postez un commentaire).<\/span><\/span><\/li>\n<li><span id=\"result_box\" lang=\"fr\"><span title=\"We can disapprove or mark as spam any comment that is deemed inappropriate, based on their content and format.\">Nous pouvons rejeter ou marquer comme pourriel tout commentaire qui est jug\u00e9 inappropri\u00e9, en fonction de son contenu et du format. <\/span><span title=\"Such comments include (but are not restricted to): \u00a0\u00a0\u00a0\u00a0\u00a0\u00a0\u00a0\u00a0\">Ces commentaires incluent (mais ne sont pas limit\u00e9s \u00e0) :<\/span><\/span>\n<ul>\n<li><span id=\"result_box\" lang=\"fr\"><span title=\"Comments that are not related to the article; \u00a0\u00a0\u00a0\u00a0\u00a0\u00a0\u00a0\u00a0\">Les commentaires qui ne sont pas li\u00e9s \u00e0 l&#8217;article<\/span><\/span><\/li>\n<li><span id=\"result_box\" lang=\"fr\"><span title=\"Comments written in another language than the one used in the article; \u00a0\u00a0\u00a0\u00a0\u00a0\u00a0\u00a0\u00a0\">Les commentaires \u00e9crits dans une autre langue que celle utilis\u00e9e dans l&#8217;article<\/span><\/span><\/li>\n<li><span id=\"result_box\" lang=\"fr\"><span title=\"Comments that contain discriminatory references; \u00a0\u00a0\u00a0\u00a0\u00a0\u00a0\u00a0\u00a0\">Les commentaires qui contiennent des r\u00e9f\u00e9rences discriminatoires<\/span><\/span><\/li>\n<li><span id=\"result_box\" lang=\"fr\"><span title=\"Comments that are associated or may lead to an external source or website that is judged inappropriate (ex: commercial websites, unrelated video or other media, etc.) \u00a0\u00a0\u00a0\u00a0\">Les commentaires qui sont associ\u00e9s \u00e0 un site web externe jug\u00e9 inappropri\u00e9 ou qui peuvent y conduire (ex: sites commerciaux, vid\u00e9o sans rapport ou d&#8217;autres m\u00e9dias, etc.)<\/span><\/span><\/li>\n<\/ul>\n<\/li>\n<li><span id=\"result_box\" lang=\"fr\"><span title=\"Comment approval does not mean endorsement by the blog's administrators or by the article\u2019s author(s). \">L&#8217;approbation d&#8217;un commentaire ne signifie pas que l&#8217;id\u00e9e pr\u00e9sent\u00e9e est partag\u00e9e par les administrateurs du blog ou par l&#8217;auteur de l&#8217;article.<\/span><\/span><\/li>\n<\/ol>\n<p><span id=\"result_box\" lang=\"fr\"><span title=\"The same rules apply to WordPress\u2019 Trackbacks and Pingbacks.\">Les m\u00eames r\u00e8gles s&#8217;appliquent aux Trackbacks et Pingbacks de WordPress.<\/span><\/span><\/p>\n<p>\u00a0<\/p>\n<\/p><\/div>\n<\/p><\/div>\n<\/p><\/div>\n<\/section>\n","protected":false},"excerpt":{"rendered":"<p>Repr\u00e9sentation Les opinions et perspectives pr\u00e9sent\u00e9es dans ce blog refl\u00e8tent uniquement celles des auteurs et non celles des institutions auxquelles ils sont affili\u00e9s. Cela signifie, entre autres, que toute citation d&#8217;article doit se r\u00e9f\u00e9rer au nom de l&#8217;auteur et non \u00e0 celui de son institution. Politique du blog sur l&#8217;utilisation du contenu Ce blog a &hellip; <a href=\"http:\/\/nonsolumdata.com\/blog\/fr\/accueil\/politique-du-blog\/\" class=\"more-link\">Continue reading <span class=\"screen-reader-text\">Politique du blog<\/span><\/a><\/p>\n","protected":false},"author":1,"featured_media":0,"parent":591,"menu_order":0,"comment_status":"closed","ping_status":"closed","template":"","meta":{"jetpack_post_was_ever_published":false,"footnotes":""},"class_list":["post-226","page","type-page","status-publish","hentry"],"yoast_head":"<!-- This site is optimized with the Yoast SEO plugin v27.2 - https:\/\/yoast.com\/product\/yoast-seo-wordpress\/ -->\n<title>Politique du blog | Non Solum Data<\/title>\n<meta name=\"robots\" content=\"index, follow, max-snippet:-1, max-image-preview:large, max-video-preview:-1\" \/>\n<link rel=\"canonical\" href=\"http:\/\/nonsolumdata.com\/blog\/fr\/accueil\/politique-du-blog\/\" \/>\n<meta property=\"og:locale\" content=\"en_US\" \/>\n<meta property=\"og:type\" content=\"article\" \/>\n<meta property=\"og:title\" content=\"Politique du blog | Non Solum Data\" \/>\n<meta property=\"og:description\" content=\"Repr\u00e9sentation Les opinions et perspectives pr\u00e9sent\u00e9es dans ce blog refl\u00e8tent uniquement celles des auteurs et non celles des institutions auxquelles ils sont affili\u00e9s. Cela signifie, entre autres, que toute citation d&#8217;article doit se r\u00e9f\u00e9rer au nom de l&#8217;auteur et non \u00e0 celui de son institution. Politique du blog sur l&#8217;utilisation du contenu Ce blog a &hellip; Continue reading Politique du blog\" \/>\n<meta property=\"og:url\" content=\"http:\/\/nonsolumdata.com\/blog\/fr\/accueil\/politique-du-blog\/\" \/>\n<meta property=\"og:site_name\" content=\"Non Solum Data\" \/>\n<meta property=\"article:publisher\" content=\"https:\/\/www.facebook.com\/nonsolumdata\/\" \/>\n<meta name=\"twitter:card\" content=\"summary_large_image\" \/>\n<meta name=\"twitter:label1\" content=\"Est. reading time\" \/>\n\t<meta name=\"twitter:data1\" content=\"2 minutes\" \/>\n<script type=\"application\/ld+json\" class=\"yoast-schema-graph\">{\"@context\":\"https:\/\/schema.org\",\"@graph\":[{\"@type\":\"WebPage\",\"@id\":\"http:\/\/nonsolumdata.com\/blog\/fr\/accueil\/politique-du-blog\/\",\"url\":\"http:\/\/nonsolumdata.com\/blog\/fr\/accueil\/politique-du-blog\/\",\"name\":\"Politique du blog | Non Solum Data\",\"isPartOf\":{\"@id\":\"http:\/\/nonsolumdata.com\/blog\/en\/home\/#website\"},\"datePublished\":\"2016-02-03T04:33:34+00:00\",\"breadcrumb\":{\"@id\":\"http:\/\/nonsolumdata.com\/blog\/fr\/accueil\/politique-du-blog\/#breadcrumb\"},\"inLanguage\":\"en-US\",\"potentialAction\":[{\"@type\":\"ReadAction\",\"target\":[\"http:\/\/nonsolumdata.com\/blog\/fr\/accueil\/politique-du-blog\/\"]}]},{\"@type\":\"BreadcrumbList\",\"@id\":\"http:\/\/nonsolumdata.com\/blog\/fr\/accueil\/politique-du-blog\/#breadcrumb\",\"itemListElement\":[{\"@type\":\"ListItem\",\"position\":1,\"name\":\"Home\",\"item\":\"http:\/\/nonsolumdata.com\/blog\/en\/home\/\"},{\"@type\":\"ListItem\",\"position\":2,\"name\":\"Accueil\",\"item\":\"http:\/\/nonsolumdata.com\/blog\/fr\/accueil\/\"},{\"@type\":\"ListItem\",\"position\":3,\"name\":\"Politique du blog\"}]},{\"@type\":\"WebSite\",\"@id\":\"http:\/\/nonsolumdata.com\/blog\/en\/home\/#website\",\"url\":\"http:\/\/nonsolumdata.com\/blog\/en\/home\/\",\"name\":\"Non Solum Data\",\"description\":\"\",\"potentialAction\":[{\"@type\":\"SearchAction\",\"target\":{\"@type\":\"EntryPoint\",\"urlTemplate\":\"http:\/\/nonsolumdata.com\/blog\/en\/home\/?s={search_term_string}\"},\"query-input\":{\"@type\":\"PropertyValueSpecification\",\"valueRequired\":true,\"valueName\":\"search_term_string\"}}],\"inLanguage\":\"en-US\"}]}<\/script>\n<!-- \/ Yoast SEO plugin. -->","yoast_head_json":{"title":"Politique du blog | Non Solum Data","robots":{"index":"index","follow":"follow","max-snippet":"max-snippet:-1","max-image-preview":"max-image-preview:large","max-video-preview":"max-video-preview:-1"},"canonical":"http:\/\/nonsolumdata.com\/blog\/fr\/accueil\/politique-du-blog\/","og_locale":"en_US","og_type":"article","og_title":"Politique du blog | Non Solum Data","og_description":"Repr\u00e9sentation Les opinions et perspectives pr\u00e9sent\u00e9es dans ce blog refl\u00e8tent uniquement celles des auteurs et non celles des institutions auxquelles ils sont affili\u00e9s. Cela signifie, entre autres, que toute citation d&#8217;article doit se r\u00e9f\u00e9rer au nom de l&#8217;auteur et non \u00e0 celui de son institution. Politique du blog sur l&#8217;utilisation du contenu Ce blog a &hellip; Continue reading Politique du blog","og_url":"http:\/\/nonsolumdata.com\/blog\/fr\/accueil\/politique-du-blog\/","og_site_name":"Non Solum Data","article_publisher":"https:\/\/www.facebook.com\/nonsolumdata\/","twitter_card":"summary_large_image","twitter_misc":{"Est. reading time":"2 minutes"},"schema":{"@context":"https:\/\/schema.org","@graph":[{"@type":"WebPage","@id":"http:\/\/nonsolumdata.com\/blog\/fr\/accueil\/politique-du-blog\/","url":"http:\/\/nonsolumdata.com\/blog\/fr\/accueil\/politique-du-blog\/","name":"Politique du blog | Non Solum Data","isPartOf":{"@id":"http:\/\/nonsolumdata.com\/blog\/en\/home\/#website"},"datePublished":"2016-02-03T04:33:34+00:00","breadcrumb":{"@id":"http:\/\/nonsolumdata.com\/blog\/fr\/accueil\/politique-du-blog\/#breadcrumb"},"inLanguage":"en-US","potentialAction":[{"@type":"ReadAction","target":["http:\/\/nonsolumdata.com\/blog\/fr\/accueil\/politique-du-blog\/"]}]},{"@type":"BreadcrumbList","@id":"http:\/\/nonsolumdata.com\/blog\/fr\/accueil\/politique-du-blog\/#breadcrumb","itemListElement":[{"@type":"ListItem","position":1,"name":"Home","item":"http:\/\/nonsolumdata.com\/blog\/en\/home\/"},{"@type":"ListItem","position":2,"name":"Accueil","item":"http:\/\/nonsolumdata.com\/blog\/fr\/accueil\/"},{"@type":"ListItem","position":3,"name":"Politique du blog"}]},{"@type":"WebSite","@id":"http:\/\/nonsolumdata.com\/blog\/en\/home\/#website","url":"http:\/\/nonsolumdata.com\/blog\/en\/home\/","name":"Non Solum Data","description":"","potentialAction":[{"@type":"SearchAction","target":{"@type":"EntryPoint","urlTemplate":"http:\/\/nonsolumdata.com\/blog\/en\/home\/?s={search_term_string}"},"query-input":{"@type":"PropertyValueSpecification","valueRequired":true,"valueName":"search_term_string"}}],"inLanguage":"en-US"}]}},"jetpack_sharing_enabled":true,"jetpack_shortlink":"https:\/\/wp.me\/P9WZB1-3E","_links":{"self":[{"href":"http:\/\/nonsolumdata.com\/blog\/wp-json\/wp\/v2\/pages\/226","targetHints":{"allow":["GET"]}}],"collection":[{"href":"http:\/\/nonsolumdata.com\/blog\/wp-json\/wp\/v2\/pages"}],"about":[{"href":"http:\/\/nonsolumdata.com\/blog\/wp-json\/wp\/v2\/types\/page"}],"author":[{"embeddable":true,"href":"http:\/\/nonsolumdata.com\/blog\/wp-json\/wp\/v2\/users\/1"}],"replies":[{"embeddable":true,"href":"http:\/\/nonsolumdata.com\/blog\/wp-json\/wp\/v2\/comments?post=226"}],"version-history":[{"count":0,"href":"http:\/\/nonsolumdata.com\/blog\/wp-json\/wp\/v2\/pages\/226\/revisions"}],"up":[{"embeddable":true,"href":"http:\/\/nonsolumdata.com\/blog\/wp-json\/wp\/v2\/pages\/591"}],"wp:attachment":[{"href":"http:\/\/nonsolumdata.com\/blog\/wp-json\/wp\/v2\/media?parent=226"}],"curies":[{"name":"wp","href":"https:\/\/api.w.org\/{rel}","templated":true}]}}